{"id":61,"date":"2016-02-08T13:00:56","date_gmt":"2016-02-08T12:00:56","guid":{"rendered":"http:\/\/krut.javatears.se\/?page_id=61"},"modified":"2025-05-11T11:36:46","modified_gmt":"2025-05-11T10:36:46","slug":"kom-ihag","status":"publish","type":"page","link":"http:\/\/krutkonst.se\/?page_id=61","title":{"rendered":"Viktiga datum 2025"},"content":{"rendered":"<ul>\n<li><a href=\"http:\/\/krutkonst.se\/wp-content\/uploads\/2025\/05\/Viktiga-datum-rev-250512.-2025.pdf\" target=\"_blank\" rel=\"noopener\">Viktiga datum <strong>2025<\/strong> som pdf<\/a><\/li>\n<\/ul>\n\n\n<p>Nu b\u00f6rjar det n\u00e4rma sig rundan. Broschyren \u00e4r klar och finns bland annat p\u00e5 ICA Mossbergs, Rotn\u00e4s g\u00e5rd, \u00c5storps g\u00e5rds handelstr\u00e4dg\u00e5rd samt flera bibliotek och mus\u00e9er. Du som utst\u00e4llare f\u00e5r g\u00e4rna h\u00e4mta n\u00e4r du l\u00e4mnar in ditt verk f\u00f6r samlingsutst\u00e4llningen samt lotterivinsten tisdag 3 juni mellan kl.18.00 och 20.00. <\/p>\n\n\n\n<p><\/p>\n\n\n\n<h2>Viktiga datum fram\u00e5t<\/h2>\n\n\n\n<ul><li><strong>M\u00e5n 26 maj<\/strong> anm\u00e4lan till pressvisning med lunch via sms till Gunilla Frid 070-776-01 24 och ange eventuella kostpreferenser.<\/li><li><strong>Tis. 3 juni <\/strong>i F\u00f6rsamlingshemmet kl. 18 \u2013 20: Inl\u00e4mning av ett representationverk f\u00f6r samlingsutst\u00e4llningen samt vinst. Ev s\u00e5lda lotterih\u00e4ften l\u00e4mnas in. H\u00e4mta din nummerskylt, i form av en gul pil, som du ska ha utanf\u00f6r din utst\u00e4llningslokal. <\/li><li><strong>Ons. 4 juni <\/strong>H\u00e4ngning av samlingsutst\u00e4llningen.<\/li><li><strong>Tor. 5 juni<\/strong> Pressvisning kl. 11.30 . Alla utst\u00e4llare \u00e4r v\u00e4lkomna.<\/li><li><strong>L\u00f6r. 7 juni <\/strong>Invigning av KRUT-rundan vid F\u00f6rsamlingshemmet kl.11.00. Visning i F\u00f6rsamlingshemmet direkt efter invigningen. Rundan startar 11.00 \u2013 17.00. Konsert i Alsters kyrka kl. 18.00<\/li><li><strong>S\u00f6n 8 juni <\/strong>rundan avslutas kl.17.00<\/li><\/ul>\n\n\n\n<p>Om du inte har hunnit h\u00e4mta lotterih\u00e4ften, finns de hos Lena Djuvfeldt, ring 070-279 96 71.<\/p>\n\n\n\n<p><\/p>\n","protected":false},"excerpt":{"rendered":"<p>Viktiga datum 2025 som pdf Nu b\u00f6rjar det n\u00e4rma sig rundan. Broschyren \u00e4r klar och finns bland annat p\u00e5 ICA Mossbergs, Rotn\u00e4s g\u00e5rd, \u00c5storps g\u00e5rds handelstr\u00e4dg\u00e5rd samt flera bibliotek och mus\u00e9er. Du som utst\u00e4llare f\u00e5r g\u00e4rna h\u00e4mta n\u00e4r du l\u00e4mnar in ditt verk f\u00f6r samlingsutst\u00e4llningen samt lotterivinsten tisdag 3 juni mellan kl.18.00 och 20.00. Viktiga [&hellip;]<\/p>\n","protected":false},"author":1,"featured_media":0,"parent":0,"menu_order":0,"comment_status":"open","ping_status":"open","template":"","meta":[],"_links":{"self":[{"href":"http:\/\/krutkonst.se\/index.php?rest_route=\/wp\/v2\/pages\/61"}],"collection":[{"href":"http:\/\/krutkonst.se\/index.php?rest_route=\/wp\/v2\/pages"}],"about":[{"href":"http:\/\/krutkonst.se\/index.php?rest_route=\/wp\/v2\/types\/page"}],"author":[{"embeddable":true,"href":"http:\/\/krutkonst.se\/index.php?rest_route=\/wp\/v2\/users\/1"}],"replies":[{"embeddable":true,"href":"http:\/\/krutkonst.se\/index.php?rest_route=%2Fwp%2Fv2%2Fcomments&post=61"}],"version-history":[{"count":50,"href":"http:\/\/krutkonst.se\/index.php?rest_route=\/wp\/v2\/pages\/61\/revisions"}],"predecessor-version":[{"id":2836,"href":"http:\/\/krutkonst.se\/index.php?rest_route=\/wp\/v2\/pages\/61\/revisions\/2836"}],"wp:attachment":[{"href":"http:\/\/krutkonst.se\/index.php?rest_route=%2Fwp%2Fv2%2Fmedia&parent=61"}],"curies":[{"name":"wp","href":"https:\/\/api.w.org\/{rel}","templated":true}]}}