{"id":720,"date":"2016-02-20T22:15:55","date_gmt":"2016-02-20T21:15:55","guid":{"rendered":"http:\/\/krutkonst.se\/?page_id=720"},"modified":"2026-03-11T20:39:09","modified_gmt":"2026-03-11T19:39:09","slug":"inbjudan-och-anmalan-2013","status":"publish","type":"page","link":"http:\/\/krutkonst.se\/?page_id=720","title":{"rendered":"Inbjudan och anm\u00e4lan 2026"},"content":{"rendered":"<p>\u00a0<\/p>\n<p>Varmt v\u00e4lkommen med din anm\u00e4lan till Krut 2026. H\u00e4r nedan finns inbjudan, anm\u00e4lan och viktiga datum.\u00a0<\/p>\n<p>Anm\u00e4lan skall vara oss tillhanda <strong>senast l\u00f6rdag 21 mars<\/strong>.<br \/>OBS! Vi har begr\u00e4nsat med lokaler s\u00e5 f\u00f6rst till kvarn g\u00e4ller!<\/p>\n<ul>\n<li><a href=\"http:\/\/krutkonst.se\/wp-content\/uploads\/2026\/03\/Inbjudan-till-rundan-2026-reviderad3.pdf\" target=\"_blank\" rel=\"noopener\">Inbjudan och anm\u00e4lningsblankett till rundan 2026 (pdf)<\/a><span style=\"color: #ff0000;\"><br \/><\/span><\/li>\n<li><a href=\"http:\/\/krutkonst.se\/wp-content\/uploads\/2026\/03\/Viktiga-datum-2026.pdf\" target=\"_blank\" rel=\"noopener\">Viktiga datum till rundan 2026<\/a><\/li>\n<\/ul>\n\n\n<p><\/p>\n\n\n\n<figure class=\"wp-block-gallery has-nested-images columns-default is-cropped\">\n<figure class=\"wp-block-image size-large is-style-default\"><a href=\"https:\/\/krutkonst.se\/wp-content\/uploads\/2025\/02\/invigning-2024.jpg\"><img loading=\"lazy\" width=\"360\" height=\"360\" data-id=\"2771\"  src=\"https:\/\/krutkonst.se\/wp-content\/uploads\/2025\/02\/invigning-2024-edited.jpg\" alt=\"Kvinna talar i mikrofon utomhus f\u00f6r m\u00e4nniskor\" class=\"wp-image-2771\" srcset=\"http:\/\/krutkonst.se\/wp-content\/uploads\/2025\/02\/invigning-2024-edited.jpg 360w, http:\/\/krutkonst.se\/wp-content\/uploads\/2025\/02\/invigning-2024-edited-300x300.jpg 300w, http:\/\/krutkonst.se\/wp-content\/uploads\/2025\/02\/invigning-2024-edited-150x150.jpg 150w\" sizes=\"(max-width: 360px) 100vw, 360px\" \/><\/a><figcaption><strong>Invigningen 2024 \u00e4gde rum i str\u00e5lande sol och invigningstalare var Sofia Magnusson, <\/strong><br><strong>ordf\u00f6rande i Kultur-och bildningsn\u00e4mnden, Region V\u00e4rmland.<\/strong><\/figcaption><\/figure>\n<\/figure>\n","protected":false},"excerpt":{"rendered":"<p>\u00a0 Varmt v\u00e4lkommen med din anm\u00e4lan till Krut 2026. H\u00e4r nedan finns inbjudan, anm\u00e4lan och viktiga datum.\u00a0 Anm\u00e4lan skall vara oss tillhanda senast l\u00f6rdag 21 mars.OBS! Vi har begr\u00e4nsat med lokaler s\u00e5 f\u00f6rst till kvarn g\u00e4ller! Inbjudan och anm\u00e4lningsblankett till rundan 2026 (pdf) Viktiga datum till rundan 2026<\/p>\n","protected":false},"author":1,"featured_media":0,"parent":0,"menu_order":0,"comment_status":"open","ping_status":"open","template":"","meta":[],"_links":{"self":[{"href":"http:\/\/krutkonst.se\/index.php?rest_route=\/wp\/v2\/pages\/720"}],"collection":[{"href":"http:\/\/krutkonst.se\/index.php?rest_route=\/wp\/v2\/pages"}],"about":[{"href":"http:\/\/krutkonst.se\/index.php?rest_route=\/wp\/v2\/types\/page"}],"author":[{"embeddable":true,"href":"http:\/\/krutkonst.se\/index.php?rest_route=\/wp\/v2\/users\/1"}],"replies":[{"embeddable":true,"href":"http:\/\/krutkonst.se\/index.php?rest_route=%2Fwp%2Fv2%2Fcomments&post=720"}],"version-history":[{"count":59,"href":"http:\/\/krutkonst.se\/index.php?rest_route=\/wp\/v2\/pages\/720\/revisions"}],"predecessor-version":[{"id":2932,"href":"http:\/\/krutkonst.se\/index.php?rest_route=\/wp\/v2\/pages\/720\/revisions\/2932"}],"wp:attachment":[{"href":"http:\/\/krutkonst.se\/index.php?rest_route=%2Fwp%2Fv2%2Fmedia&parent=720"}],"curies":[{"name":"wp","href":"https:\/\/api.w.org\/{rel}","templated":true}]}}

Inbjudan och anmälan 2026

<p> </p>
<p>Varmt välkommen med din anmälan till Krut 2026. Här nedan finns inbjudan, anmälan och viktiga datum. </p>
<p>Anmälan skall vara oss tillhanda <strong>senast lördag 21 mars</strong>.<br />OBS! Vi har begränsat med lokaler så först till kvarn gäller!</p>
<ul>
<li><a href="http://krutkonst.se/wp-content/uploads/2026/03/Inbjudan-till-rundan-2026-reviderad3.pdf" target="_blank" rel="noopener">Inbjudan och anmälningsblankett till rundan 2026 (pdf)</a><span style="color: #ff0000;"><br /></span></li>
<li><a href="http://krutkonst.se/wp-content/uploads/2026/03/Viktiga-datum-2026.pdf" target="_blank" rel="noopener">Viktiga datum till rundan 2026</a></li>
</ul>


<p></p>



<figure class="wp-block-gallery has-nested-images columns-default is-cropped">
<figure class="wp-block-image size-large is-style-default"><a href="https://krutkonst.se/wp-content/uploads/2025/02/invigning-2024.jpg"><img loading="lazy" width="360" height="360" data-id="2771"  src="https://krutkonst.se/wp-content/uploads/2025/02/invigning-2024-edited.jpg" alt="Kvinna talar i mikrofon utomhus för människor" class="wp-image-2771" srcset="http://krutkonst.se/wp-content/uploads/2025/02/invigning-2024-edited.jpg 360w, http://krutkonst.se/wp-content/uploads/2025/02/invigning-2024-edited-300x300.jpg 300w, http://krutkonst.se/wp-content/uploads/2025/02/invigning-2024-edited-150x150.jpg 150w" sizes="(max-width: 360px) 100vw, 360px" /></a><figcaption><strong>Invigningen 2024 ägde rum i strålande sol och invigningstalare var Sofia Magnusson, </strong><br><strong>ordförande i Kultur-och bildningsnämnden, Region Värmland.</strong></figcaption></figure>
</figure>

<p>  Varmt välkommen med din anmälan till Krut 2026. Här nedan finns inbjudan, anmälan och viktiga datum.  Anmälan skall vara oss tillhanda senast lördag 21 mars.OBS! Vi har begränsat med lokaler så först till kvarn gäller! Inbjudan och anmälningsblankett till rundan 2026 (pdf) Viktiga datum till rundan 2026</p>
