{"id":192,"date":"2011-12-09T09:44:22","date_gmt":"2011-12-09T09:44:22","guid":{"rendered":"http:\/\/krut.javatears.se\/?page_id=192"},"modified":"2024-05-10T09:38:38","modified_gmt":"2024-05-10T08:38:38","slug":"medlemmars-hemsidor","status":"publish","type":"page","link":"https:\/\/krutkonst.se\/?page_id=192","title":{"rendered":"Medlemmars hemsidor"},"content":{"rendered":"<h2>&nbsp;<\/h2>\n<p><\/p>\n\n\n<p><strong>Klicka p\u00e5 respektive namn f\u00f6r att komma till deras hemsidor<\/strong><\/p>\n\n\n\n<p><\/p>\n\n\n\n<p><\/p>\n\n\n\n<p><a href=\"http:\/\/www.ankifahlstad.se\">Anki Fahlstad<\/a><\/p>\n\n\n\n<p><a href=\"http:\/\/www.konst.se\/bowiktorskonst\">Bo Wiktorsson<\/a><\/p>\n\n\n\n<p><a href=\"http:\/\/www.konst.se\/eva-bergman\">Eva Bergman<\/a><\/p>\n\n\n\n<p><a href=\"https:\/\/www.instagram.com\/p\/CbOIZ3BDsdp\/\">Grete Lindstr\u00f6m  (instagram)<\/a><\/p>\n\n\n\n<p><a href=\"http:\/\/www.helenabengtsson.com\">Helens Bengtsson<\/a><\/p>\n\n\n\n<p><a href=\"http:\/\/hildegunmjones.se\">Hi<\/a><a href=\"http:\/\/www.hildegunmjones.se\" data-type=\"URL\" data-id=\"www.hildegunmjones.se\">ldegun Martinsen Jones<\/a><br><br><a href=\"http:\/\/www.stevenjones.se\" data-type=\"URL\" data-id=\"www.stevenjones.se\">Steven Jones<\/a><\/p>\n\n\n\n<p><a href=\"http:\/\/www.gide.se\">H\u00e5kan Gidebratt<\/a><\/p>\n\n\n\n<p><a href=\"http:\/\/www.kulturstugan.se\">Kulturstugan (Gunnar Lid\u00e9n)<\/a><\/p>\n\n\n\n<p><a href=\"http:\/\/www.peterjanssonart.com\">Peter Jansson<\/a><\/p>\n\n\n\n<p><a href=\"http:\/\/www.aght.se\">\u00c5storps Handelstr\u00e4dg\u00e5rd<\/a><\/p>\n\n\n\n<p><a href=\"http:\/\/krutkonst.se\/wp-content\/uploads\/2024\/02\/Psalmboks-museet.jpg\">Psalmmuseet- och Bibelmuseet p\u00e5 Kroken<\/a><\/p>\n\n\n\n<p><\/p>\n\n\n\n<p><\/p>\n\n\n\n<p><\/p>\n","protected":false},"excerpt":{"rendered":"<p>&nbsp; Klicka p\u00e5 respektive namn f\u00f6r att komma till deras hemsidor Anki Fahlstad Bo Wiktorsson Eva Bergman Grete Lindstr\u00f6m (instagram) Helens Bengtsson Hildegun Martinsen Jones Steven Jones H\u00e5kan Gidebratt Kulturstugan (Gunnar Lid\u00e9n) Peter Jansson \u00c5storps Handelstr\u00e4dg\u00e5rd Psalmmuseet- och Bibelmuseet p\u00e5 Kroken<\/p>\n","protected":false},"author":1,"featured_media":0,"parent":0,"menu_order":0,"comment_status":"open","ping_status":"open","template":"","meta":[],"_links":{"self":[{"href":"https:\/\/krutkonst.se\/index.php?rest_route=\/wp\/v2\/pages\/192"}],"collection":[{"href":"https:\/\/krutkonst.se\/index.php?rest_route=\/wp\/v2\/pages"}],"about":[{"href":"https:\/\/krutkonst.se\/index.php?rest_route=\/wp\/v2\/types\/page"}],"author":[{"embeddable":true,"href":"https:\/\/krutkonst.se\/index.php?rest_route=\/wp\/v2\/users\/1"}],"replies":[{"embeddable":true,"href":"https:\/\/krutkonst.se\/index.php?rest_route=%2Fwp%2Fv2%2Fcomments&post=192"}],"version-history":[{"count":91,"href":"https:\/\/krutkonst.se\/index.php?rest_route=\/wp\/v2\/pages\/192\/revisions"}],"predecessor-version":[{"id":2715,"href":"https:\/\/krutkonst.se\/index.php?rest_route=\/wp\/v2\/pages\/192\/revisions\/2715"}],"wp:attachment":[{"href":"https:\/\/krutkonst.se\/index.php?rest_route=%2Fwp%2Fv2%2Fmedia&parent=192"}],"curies":[{"name":"wp","href":"https:\/\/api.w.org\/{rel}","templated":true}]}}