{"id":385,"date":"2016-04-10T19:35:07","date_gmt":"2016-04-10T18:35:07","guid":{"rendered":"http:\/\/krutkonst.se\/?page_id=385"},"modified":"2025-06-04T12:12:18","modified_gmt":"2025-06-04T11:12:18","slug":"presentationer-av-utstallare","status":"publish","type":"page","link":"https:\/\/krutkonst.se\/?page_id=385","title":{"rendered":"Utst\u00e4llare 2025"},"content":{"rendered":"\n<h4>Klicka p\u00e5 namnen f\u00f6r mer information om \u00e5rets utst\u00e4llare och var de finns p\u00e5 rundan.<\/h4>\n\n\n\n<p><\/p>\n\n\n\n<figure class=\"wp-block-table\"><table><tbody><tr><td><a href=\"http:\/\/krutkonst.se\/wp-content\/uploads\/2023\/04\/Gunilla-Adolfsson.pdf\">Adolfsson Gunilla&nbsp;&nbsp;&nbsp;<\/a>&nbsp;&nbsp;<\/td><td>Tapets\u00f6r<\/td><\/tr><tr><td><a href=\"http:\/\/krutkonst.se\/wp-content\/uploads\/2023\/04\/Erik-Andersson-2023.pdf\">Andersson Erik&nbsp;<\/a>&nbsp;&nbsp;&nbsp;&nbsp;<\/td><td>Akvarell<\/td><\/tr><tr><td><a href=\"http:\/\/krutkonst.se\/wp-content\/uploads\/2025\/06\/Bertil-Bengtsson.klar_.pdf\">Bengtsson Bertil<\/a><\/td><td>Gouache<\/td><\/tr><tr><td><a href=\"http:\/\/krutkonst.se\/wp-content\/uploads\/2024\/04\/Siw-Bessholt_a.pdf\">Bessholt Siw<\/a><\/td><td>Tr\u00e4arbete<\/td><\/tr><tr><td><a href=\"http:\/\/krutkonst.se\/wp-content\/uploads\/2025\/06\/Leif-Carlsson-klar.pdf\">Carlsson Leif<\/a><\/td><td>Olja och reliefkollage<\/td><\/tr><tr><td><a href=\"http:\/\/krutkonst.se\/wp-content\/uploads\/2024\/04\/Thomas-Christensen_a.pdf\">Christensen Thomas<\/a>&nbsp;&nbsp;&nbsp;&nbsp;<\/td><td>M\u00e5leri<\/td><\/tr><tr><td><a href=\"http:\/\/krutkonst.se\/wp-content\/uploads\/2024\/04\/Sonja-Claesson.pdf\">Claesson Sonia<\/a>&nbsp;&nbsp;&nbsp;&nbsp;&nbsp;&nbsp;<\/td><td>M\u00e5leri &amp; tygrelief<\/td><\/tr><tr><td><a href=\"http:\/\/krutkonst.se\/wp-content\/uploads\/2024\/04\/Titti-Claesson.pdf\">Claesson Titti<\/a>&nbsp;&nbsp;&nbsp;&nbsp;&nbsp;&nbsp;&nbsp;&nbsp;&nbsp;<\/td><td>M\u00e5leri&nbsp;<\/td><\/tr><tr><td><a href=\"http:\/\/krutkonst.se\/wp-content\/uploads\/2022\/04\/Staffan-Einarsson.pdf\">Einarsson Staffan<\/a>&nbsp;&nbsp;&nbsp;&nbsp;&nbsp;<\/td><td>Analogt foto<\/td><\/tr><tr><td><a href=\"http:\/\/krutkonst.se\/wp-content\/uploads\/2025\/05\/Malin-Eklund.klar_.pdf\">Eklund Malin<\/a><\/td><td>Akryl<\/td><\/tr><tr><td><a href=\"http:\/\/krutkonst.se\/wp-content\/uploads\/2025\/06\/Tonie.klar_.pdf\">Esteg\u00e5rd Svahn Tonie<\/a><\/td><td>Akrylm\u00e5leri<\/td><\/tr><tr><td><a href=\"http:\/\/krutkonst.se\/wp-content\/uploads\/2025\/05\/Bibbi-Evermark-KRUT-presentation-2024.pdf\">Evermark Bibbi<\/a><\/td><td>M\u00e5leri<\/td><\/tr><tr><td><a href=\"http:\/\/krutkonst.se\/wp-content\/uploads\/2022\/04\/Hakan-Gidebratt.pdf\">Gidebratt H\u00e5kan&nbsp;&nbsp;<\/a>&nbsp;&nbsp;&nbsp;&nbsp;&nbsp;&nbsp;<\/td><td>M\u00e5leri<\/td><\/tr><tr><td><a href=\"http:\/\/krutkonst.se\/wp-content\/uploads\/2025\/06\/Sofia-Hedberg-klar..pdf\">Hedberg Sofia<\/a><\/td><td>Keramik<\/td><\/tr><tr><td><a href=\"http:\/\/krutkonst.se\/wp-content\/uploads\/2023\/04\/Ann-Hjelm-Lovenhamn.pdf\">Hjelm L\u00f6venhamn Ann<\/a><\/td><td>Keramik<\/td><\/tr><tr><td><a href=\"http:\/\/krutkonst.se\/wp-content\/uploads\/2022\/04\/Inrene-Hubinette.pdf\">Hubinette Irene&nbsp;<\/a>&nbsp;&nbsp;&nbsp;&nbsp;&nbsp;&nbsp;<\/td><td>Silversmide, m\u00e5lning porslin<\/td><\/tr><tr><td><a href=\"http:\/\/krutkonst.se\/wp-content\/uploads\/2022\/04\/Birgitta-Hyensjo.pdf\">Hyensj\u00f6 Birgitta<\/a><\/td><td>Keramik M\u00e5leri<\/td><\/tr><tr><td><a href=\"http:\/\/krutkonst.se\/wp-content\/uploads\/2024\/04\/Ann-Britt-Hoglund.pdf\">H\u00f6glund Ann-Britt&nbsp;<\/a>&nbsp;&nbsp;&nbsp;&nbsp;&nbsp;&nbsp;<\/td><td>Tr\u00e4dg\u00e5rd \/V\u00e4xter<\/td><\/tr><tr><td><a href=\"http:\/\/krutkonst.se\/wp-content\/uploads\/2025\/06\/Peter-Jansson.klar_.pdf\">Jansson Peter<\/a><\/td><td>M\u00e5leri<\/td><\/tr><tr><td><a href=\"http:\/\/krutkonst.se\/wp-content\/uploads\/2024\/04\/Steven-Jones.pdf\">Jones Steven&nbsp;<\/a>&nbsp;&nbsp;&nbsp;&nbsp;&nbsp;&nbsp;&nbsp;&nbsp;<\/td><td>Keramik<\/td><\/tr><tr><td><a href=\"http:\/\/krutkonst.se\/wp-content\/uploads\/2025\/06\/Annalena-Jonsson.pdf\">Jonsson Annalena<\/a><\/td><td>Stengodskeramik<\/td><\/tr><tr><td><a href=\"http:\/\/krutkonst.se\/wp-content\/uploads\/2025\/05\/Killstad-gard.klar_..pdf\">Killstad G\u00e5rd<\/a><\/td><td>J\u00e4rn, Silver, L\u00e4der, Ulltextil<\/td><\/tr><tr><td><a href=\"http:\/\/krutkonst.se\/wp-content\/uploads\/2025\/06\/Gunnar-Liden.klar_.-pdf-1.pdf\">Lid\u00e9n Gunnar<\/a><\/td><td>M\u00e5leri<\/td><\/tr><tr><td><a href=\"http:\/\/krutkonst.se\/wp-content\/uploads\/2024\/04\/Grete-Lindstrom_a.pdf\">Lindstr\u00f6m Grete<\/a>&nbsp;&nbsp;&nbsp;&nbsp;&nbsp;<\/td><td>M\u00e5leri, kollage, skulpturer<\/td><\/tr><tr><td><a href=\"http:\/\/krutkonst.se\/wp-content\/uploads\/2024\/04\/Hildegun-Martinsen-Jones.pdf\">Martinsen-Jones Hildegun<\/a>&nbsp;<\/td><td>Textil<\/td><\/tr><tr><td><a href=\"http:\/\/krutkonst.se\/wp-content\/uploads\/2025\/05\/Sabina-Moberg.klar_.pdf\">Moberg Sabina<\/a><\/td><td>Smide<\/td><\/tr><tr><td><a href=\"http:\/\/krutkonst.se\/wp-content\/uploads\/2025\/05\/Mona-Lisa-klar..pdf\">M\u00f6ckelind Eriksson Mona-Lisa<\/a><\/td><td>Akvarell<\/td><\/tr><tr><td><a href=\"http:\/\/krutkonst.se\/wp-content\/uploads\/2023\/04\/Anna-Nisser.pdf\">Nisser Anna<\/a>&nbsp;&nbsp;&nbsp;&nbsp;&nbsp;<\/td><td>Keramik<\/td><\/tr><tr><td><a href=\"http:\/\/krutkonst.se\/wp-content\/uploads\/2022\/04\/Erik-Olsson.pdf\">Olsson Erik&nbsp;<\/a>&nbsp;&nbsp;&nbsp;&nbsp;&nbsp;<\/td><td>Markers \/ Digitalt<\/td><\/tr><tr><td><a href=\"http:\/\/krutkonst.se\/wp-content\/uploads\/2025\/06\/Barbro-Persson.klar_.pdf\">Persson Barbro<\/a><\/td><td>Hemsl\u00f6jd<\/td><\/tr><tr><td><a href=\"http:\/\/krutkonst.se\/wp-content\/uploads\/2025\/06\/Kristina-Rinnsjo.klar_.pdf\">Rinnsj\u00f6 Kristina<\/a><\/td><td>Akryl<\/td><\/tr><tr><td><a href=\"http:\/\/krutkonst.se\/wp-content\/uploads\/2024\/04\/Helen-Schonfeldt.pdf\">Sch\u00f6nfeldt Helen<\/a><\/td><td>M\u00e5leri i olika strukturer<\/td><\/tr><tr><td><a href=\"http:\/\/krutkonst.se\/wp-content\/uploads\/2024\/04\/Freja-Skogsmyr.pdf\">Skogsmyr Freja<\/a><\/td><td>M\u00e5leri, akryl<\/td><\/tr><tr><td><a href=\"http:\/\/krutkonst.se\/wp-content\/uploads\/2025\/05\/Anna-Strandberg.klar_.pdf\">Strandberg Anna<\/a><\/td><td>Fine print art<\/td><\/tr><tr><td><a href=\"http:\/\/krutkonst.se\/wp-content\/uploads\/2025\/06\/Moa-Soderberg.klar_-1.pdf\">S\u00f6derberg Moa<\/a><\/td><td>M\u00e5leri, teckning<\/td><\/tr><tr><td><a href=\"http:\/\/krutkonst.se\/wp-content\/uploads\/2022\/04\/Gunilla-Wennberg.pdf\">Wennberg Gunilla<\/a>&nbsp;&nbsp;&nbsp;&nbsp;<\/td><td>Akvarell<\/td><\/tr><tr><td><a href=\"http:\/\/krutkonst.se\/wp-content\/uploads\/2022\/04\/Bo-Wiktorsson.pdf\">Wiktorsson Bo<\/a>&nbsp;&nbsp;&nbsp;&nbsp;<\/td><td>M\u00e5leri<\/td><\/tr><tr><td><a href=\"http:\/\/krutkonst.se\/wp-content\/uploads\/2025\/06\/Ylva-Winther-presentation.pdf\">Winther Ylva<\/a><\/td><td>Stengodslera<\/td><\/tr><tr><td>&nbsp;<\/td><td>&nbsp;<\/td><\/tr><\/tbody><\/table><\/figure>\n\n\n\n<p><\/p>\n\n\n\n<h4><span style=\"color: #ff0000;\"><span style=\"color: #ff9900;\">&nbsp;<\/span><\/span><\/h4>\n\n\n\n<p><\/p>\n","protected":false},"excerpt":{"rendered":"<p>Klicka p\u00e5 namnen f\u00f6r mer information om \u00e5rets utst\u00e4llare och var de finns p\u00e5 rundan. Adolfsson Gunilla&nbsp;&nbsp;&nbsp;&nbsp;&nbsp; Tapets\u00f6r Andersson Erik&nbsp;&nbsp;&nbsp;&nbsp;&nbsp; Akvarell Bengtsson Bertil Gouache Bessholt Siw Tr\u00e4arbete Carlsson Leif Olja och reliefkollage Christensen Thomas&nbsp;&nbsp;&nbsp;&nbsp; M\u00e5leri Claesson Sonia&nbsp;&nbsp;&nbsp;&nbsp;&nbsp;&nbsp; M\u00e5leri &amp; tygrelief Claesson Titti&nbsp;&nbsp;&nbsp;&nbsp;&nbsp;&nbsp;&nbsp;&nbsp;&nbsp; M\u00e5leri&nbsp; Einarsson Staffan&nbsp;&nbsp;&nbsp;&nbsp;&nbsp; Analogt foto Eklund Malin Akryl Esteg\u00e5rd Svahn Tonie Akrylm\u00e5leri Evermark [&hellip;]<\/p>\n","protected":false},"author":1,"featured_media":0,"parent":0,"menu_order":0,"comment_status":"open","ping_status":"open","template":"","meta":[],"_links":{"self":[{"href":"https:\/\/krutkonst.se\/index.php?rest_route=\/wp\/v2\/pages\/385"}],"collection":[{"href":"https:\/\/krutkonst.se\/index.php?rest_route=\/wp\/v2\/pages"}],"about":[{"href":"https:\/\/krutkonst.se\/index.php?rest_route=\/wp\/v2\/types\/page"}],"author":[{"embeddable":true,"href":"https:\/\/krutkonst.se\/index.php?rest_route=\/wp\/v2\/users\/1"}],"replies":[{"embeddable":true,"href":"https:\/\/krutkonst.se\/index.php?rest_route=%2Fwp%2Fv2%2Fcomments&post=385"}],"version-history":[{"count":473,"href":"https:\/\/krutkonst.se\/index.php?rest_route=\/wp\/v2\/pages\/385\/revisions"}],"predecessor-version":[{"id":2906,"href":"https:\/\/krutkonst.se\/index.php?rest_route=\/wp\/v2\/pages\/385\/revisions\/2906"}],"wp:attachment":[{"href":"https:\/\/krutkonst.se\/index.php?rest_route=%2Fwp%2Fv2%2Fmedia&parent=385"}],"curies":[{"name":"wp","href":"https:\/\/api.w.org\/{rel}","templated":true}]}}